116347 + 747797 = 0. Is l a prime number?
True
Let h(b) = 462*b - 85. Let j be 19 + -1 + 35/((-35)/(-5)). Is h(j) a composite number?
True
Suppose m - 4*m = -15. Let y be 4/(-10) - (-22)/m. Suppose -4348 = -y*g - 0*g. Is g composite?
False
Let x(q) = -12*q**2 - 3*q - 41. Let i be x(-8). Is -5 + (-6)/(-6) - i a prime number?
False
Suppose 0 = 3*g - 2*t + t - 280118, -4*t + 1027061 = 11*g. Is g prime?
True
Suppose 105 = -11*s + 16*s. Suppose -s = 3*a - 1071. Let n = -223 + a. Is n prime?
True
Suppose 0 = i + 308 - 315. Suppose -5*l + 4*b - i*b + 608 = 0, 0 = 2*l - 4*b - 238. Is l composite?
True
Suppose 0 = 2*y + 4*m - 70166, 5*m + 6685 = 3*y - 98487. Is y a prime number?
True
Suppose 5*v - 3*v - 3*g - 61421 = 0, -v - 4*g = -30716. Let f = v - 16091. Is f a prime number?
True
Let x(p) = 101*p**2 + 12*p + 5. Let v(m) = -4*m**2 + 21*m - 11. Let n be v(5). Is x(n) composite?
True
Let q(n) = 7*n - 4*n**2 + 2*n**2 - 9 + 4 + n**2. Let x be q(2). Suppose 4*t + x*l = 153, 3*t + l = -2*t + 186. Is t a composite number?
False
Let c = 32750 + -17629. Is c a composite number?
False
Let u(a) = 17*a**3 - 16*a**2 - 8*a - 45. Is u(8) a prime number?
False
Let p be (5 + -5)*(-2)/(-6). Suppose 4*d - 8*d - s + 11992 = p, 5*s = 2*d - 6018. Is d prime?
True
Let p(y) be the third derivative of 0*y - 1/8*y**4 + 53/60*y**5 + 1/2*y**3 + 0 + 23*y**2. Is p(5) a prime number?
False
Let q(n) = 4872*n**3 + 53*n**2 + 2*n - 40. Is q(3) a prime number?
False
Let j = -985284 + 1610429. Is j a composite number?
True
Let o be 45*129/(-3) + -1. Let w(g) = 12*g - 32. Let n be w(3). Is (n/(0 - -2))/2 - o prime?
False
Let z(v) = 10*v - 4. Let c be z(1). Let x(s) = -10*s**3 + 15 + c*s**2 - 4*s + 7*s**3 + 4*s**3. Is x(-6) a composite number?
True
Suppose 7*j + 0*j = 28. Suppose -4*y = 3*m + y - 30238, 2*m + j*y = 20162. Let p = m + -7144. Is p a prime number?
True
Suppose -4*m = -140455 - 8047 - 25422. Is m composite?
False
Let z(r) = r**3 + 10*r**2 + r + 5. Let n be -5 + 0 - (2 - 0). Let u be z(n). Suppose -46 = -l + u. Is l composite?
False
Suppose -5*k + 419475 = -q - 680076, 0 = -2*k + 4*q + 439806. Is k a composite number?
False
Suppose -h - 21 = -5*v, 7 = 4*h - 9. Let m(z) = 388*z + 105. Is m(v) prime?
False
Suppose 3*o - 46 = -7. Suppose 35996 = o*i - 29511. Is i a prime number?
True
Let o(b) = 7373*b + 10360. Is o(9) prime?
True
Let o(k) = 2310*k + 2. Let a be o(-1). Suppose 5*l - 9342 - 7633 = 0. Let x = a + l. Is x a prime number?
True
Let a = 1391 - 17324. Let n = a + 30736. Is n a prime number?
False
Suppose -g + 13 = 15. Let q = 2 - g. Is (1855/(-20) - 2)/((-1)/q) a composite number?
False
Let z = 291824 + -23811. Is z prime?
True
Let y(s) = -148*s - 29. Let g be y(-4). Let z = g + -364. Is z a composite number?
False
Suppose -11*a + 10*a + 6 = 0. Is 8 + a/(-1) - -441 a prime number?
True
Let g = -186708 + 270097. Is g a composite number?
False
Suppose -2 = -4*k - 3*h, 8*k - 2 = 3*k - 4*h. Suppose 2*t + 3*o + 67113 = 5*t, -4*t = -k*o - 89476. Is t composite?
False
Let o be 21/28*-1 - (-11)/4. Suppose 2*n - 5*p - 5329 = n, -o*p = -5*n + 26737. Is n a composite number?
True
Let d(b) = -11 - 55*b - 56*b + 101*b. Suppose 32 = -3*k - k. Is d(k) a prime number?
False
Suppose -7*w + 266 + 3542 = 0. Suppose w*j = 532*j + 472692. Is j a prime number?
False
Let c = -1 + -4. Let q(k) = -27*k**3 + k**2 - 10*k - 5. Let b be q(c). Suppose 5*r - b = -0*r. Is r prime?
False
Suppose -7*i + 0*i - 336 = 0. Let x = i - -53. Suppose -x*o + f = -3276, 0*f - 5 = 5*f. Is o prime?
False
Let o = 68983 - -67180. Is o a composite number?
False
Suppose 0 = 3*g + 5*a - 206204, -2*a - 68768 = -g + 3*a. Is g composite?
False
Suppose -5*i + 79376 = -8*i - 5*z, -i + 5*z - 26432 = 0. Let x = i + 52821. Is x a prime number?
False
Let l(h) = 72*h**3 - 3*h**2 - 2*h - 37. Is l(8) a prime number?
False
Let x(u) = -1139*u - 171. Let d be x(-32). Let f = -16858 + d. Is f a prime number?
False
Let t(a) = -37626*a + 13. Let p be t(-1). Suppose 6741 = -7*h + p. Is h a prime number?
False
Let r = 625399 - 363150. Is r composite?
True
Suppose u + 4 = 0, -293*u = 2*t - 296*u - 412610. Is t prime?
True
Let u(a) = 2*a**3 - 5*a**2 + 14*a - 641. Is u(60) prime?
True
Suppose -5*m - 8 = -3. Let x be (m/(-4))/((-8)/(-64)). Let u = 49 + x. Is u prime?
False
Let q be (0 - 15)*7359/(-9)*1. Let x = q - 6176. Is x prime?
True
Let x(m) = 103*m**2 - 5*m + 56. Let t be x(16). Suppose 9*p + 271 = t. Is p prime?
True
Let m(o) = o**3 + 13*o**2 - 19*o + 6. Let k be (-13 + 12)/((-2)/(-26)). Is m(k) composite?
True
Let c(s) be the second derivative of 11*s**4/6 + s**3/2 - 5*s**2/2 - 18*s + 1. Suppose 5*j + 0*j - 15 = 0. Is c(j) a composite number?
True
Suppose 0 = -3*p + 2*n - 20474, 4*n + 1883 = -p - 4923. Is (-8)/12*p/12 a composite number?
False
Let v(k) = -172*k + 9. Let c = -71 - -85. Suppose -q + c = -8*q. Is v(q) composite?
False
Let y(v) = -4*v**3 + 11*v**2 - 5*v + 1. Let x(p) = -17*p**3 + 44*p**2 - 19*p + 6. Let s(d) = 2*x(d) - 9*y(d). Let w = 12 - 5. Is s(w) composite?
False
Suppose p + i = 7, 6*p - 3*p = -4*i + 22. Suppose 5*c - h - p = 627, 5*c - 2*h = 631. Is c prime?
True
Let t be -1*1*(-9297 - -4). Suppose -5*o + t = 4*v, v + 7921 = 4*o + 474. Is o a prime number?
True
Suppose 0 = 32*p - 28*p + 716. Let x = p - -382. Is x prime?
False
Suppose 5*w + s - 1140104 = -6036, -2*w + 3*s = -453617. Is w prime?
True
Suppose -4*i - 4*u = 8, -4*u + 20 = 5*i - 9*u. Let w be -4 + (-4 + i - -7). Suppose 6*c - c - 555 = w. Is c a composite number?
True
Suppose 51*u = 162*u - 16944261. Is u composite?
True
Let p = -117 + 120. Let a(t) = 2831*t**2 + 3*t + 7. Is a(p) a prime number?
False
Suppose 31 = 4*y + 3. Is (48755/10)/y*(3 - 1) composite?
True
Suppose 0*c + 3*y = -c + 29077, -c - 4*y + 29078 = 0. Suppose p - c = -3*w, 6*w - 5*w = 1. Is p a prime number?
False
Let m(x) = 5*x**3 + 11*x**2 - 120*x + 124. Let g(y) = -y**3 - 3*y**2 + 30*y - 31. Let t(q) = 9*g(q) + 2*m(q). Is t(14) composite?
False
Let t be 32/(-8)*(-2)/(-4). Let j be t/8 - 360/96. Let m(l) = -3*l**3 - 4*l**2 - 8*l - 1. Is m(j) prime?
False
Let l(y) = 4 - 15 + 3*y + 9. Let c be l(2). Suppose 2*s + 272 = -t + 751, -s = c*t - 1888. Is t prime?
False
Suppose 4*u - 4*l + 164 = 0, 4*l = -u + 9 - 50. Let a = u + 46. Suppose 1105 = a*o - 3*t, t = 6*t. Is o prime?
False
Let x(s) = -s**3 + 6*s**2 + 3*s + 18031. Let c be x(0). Suppose -3*t + c = 2*b, -2*t - 2*b - 54 = -12076. Is t a prime number?
False
Let s(b) = 789*b**2 + 2*b. Let m = 540 + -541. Is s(m) prime?
True
Is (-35)/(-28) + (-879132)/(-16) a composite number?
True
Suppose 332*p - 40530680 - 73445916 = 0. Is p a prime number?
True
Let b be (-6 - 3) + 2 + -3469. Let i = b + 7863. Is i prime?
False
Let i(l) = -l**2 + 14*l - 20. Let y be i(12). Suppose -2*o + 24 = y*o. Suppose o*s + 4*v - 86 = -22, 0 = -s - 3*v + 10. Is s composite?
False
Let w(l) = -145*l**3 - 8*l**2 - 169*l - 29. Is w(-10) a prime number?
True
Let f(p) = -7*p**3 - 6*p**2 + 3*p + 3. Let a be f(-5). Let d(m) = -226*m + 12. Let i be d(-10). Let k = i - a. Is k a prime number?
True
Suppose -z + 45210 - 11250 = 0. Suppose 0 = -2*j - j + z. Suppose -j = -16*l + 35416. Is l prime?
False
Suppose -4*c + 39 + 17 = 0. Let p = 16 - c. Suppose 1388 = -p*l + 6*l. Is l a composite number?
False
Let p = 28 + -28. Suppose 4*u - 23*u + 20653 = p. Is u a composite number?
False
Let i = 4805 - -8946. Is i prime?
True
Let w(v) = -117*v - 83. Let n be w(17). Let c = -823 - n. Is c a composite number?
False
Let p(o) = 73*o**2 - 2*o. Suppose -4*j - 3 = 1. Let m be p(j). Is 45/m + 102/5 a prime number?
False
Let a(r) = -20026*r - 12081. Is a(-4) prime?
True
Let l = -2422 - -8733. Is l prime?
True
Let u(d) = d**3 + 10*d**2 - 11*d + 5. Let r be u(-11). Let n(q) = 76*q**2 + 2*q - 46. Let m be n(r). Suppose m = -3*g + 16447. Is g a prime number?
True
Suppose -255*w + 245*w + 23330 = 0. Is w a prime number?
True
Suppose -17*b - 57634 = -1770435. Is b composite?
True
Suppose q = -3*l - 4, -4*l + 2 = -q - 6*l. Suppose 5*x + 6015 = 3*y, -7*y + 3*x = -q*y - 10009. Let s = 3217 - y. Is s a composite number?
False
Let k(g) = 2*g**2 - 14*g + 10. Let d be k(5). Let z be -195 + d/5 + 3. Is z/3*(27/(-2))/9 a composite number?
False
Suppose -4*o = -5*s + 698505, -5*s - 3*o + 325648 = -372822. Is s